{"id":3500,"date":"2022-09-12T17:29:40","date_gmt":"2022-09-12T17:29:40","guid":{"rendered":"https:\/\/www.rcpfm.com\/?page_id=3500"},"modified":"2025-05-29T23:18:39","modified_gmt":"2025-05-29T23:18:39","slug":"inicio","status":"publish","type":"page","link":"https:\/\/www.rcpfm.com\/","title":{"rendered":"Bem-vindo(a) \u00e0 RCPFM 92.6"},"content":{"rendered":"\t\t<div data-elementor-type=\"wp-page\" data-elementor-id=\"3500\" class=\"elementor elementor-3500\">\n\t\t\t\t\t\t<section class=\"elementor-section elementor-top-section elementor-element elementor-element-6fd7749 elementor-section-boxed elementor-section-height-default elementor-section-height-default wpr-particle-no wpr-jarallax-no wpr-parallax-no wpr-sticky-section-no\" data-id=\"6fd7749\" data-element_type=\"section\">\n\t\t\t\t\t\t<div class=\"elementor-container elementor-column-gap-default\">\n\t\t\t\t\t<div class=\"elementor-column elementor-col-100 elementor-top-column elementor-element elementor-element-ae0e871\" data-id=\"ae0e871\" data-element_type=\"column\">\n\t\t\t<div class=\"elementor-widget-wrap elementor-element-populated\">\n\t\t\t\t\t\t<div class=\"elementor-element elementor-element-8d32185 elementor-widget elementor-widget-image\" data-id=\"8d32185\" data-element_type=\"widget\" data-widget_type=\"image.default\">\n\t\t\t\t<div class=\"elementor-widget-container\">\n\t\t\t\t\t\t\t\t\t\t\t\t\t\t\t<img fetchpriority=\"high\" decoding=\"async\" width=\"474\" height=\"474\" src=\"https:\/\/www.rcpfm.com\/wp-content\/uploads\/2024\/11\/92.6elogo-1024x1024.jpg\" class=\"attachment-large size-large wp-image-3698\" alt=\"\" srcset=\"https:\/\/www.rcpfm.com\/wp-content\/uploads\/2024\/11\/92.6elogo-1024x1024.jpg 1024w, https:\/\/www.rcpfm.com\/wp-content\/uploads\/2024\/11\/92.6elogo-300x300.jpg 300w, https:\/\/www.rcpfm.com\/wp-content\/uploads\/2024\/11\/92.6elogo-150x150.jpg 150w, https:\/\/www.rcpfm.com\/wp-content\/uploads\/2024\/11\/92.6elogo-768x768.jpg 768w, https:\/\/www.rcpfm.com\/wp-content\/uploads\/2024\/11\/92.6elogo-600x600.jpg 600w, https:\/\/www.rcpfm.com\/wp-content\/uploads\/2024\/11\/92.6elogo-560x560.jpg 560w, https:\/\/www.rcpfm.com\/wp-content\/uploads\/2024\/11\/92.6elogo.jpg 1181w\" sizes=\"(max-width: 474px) 100vw, 474px\" \/>\t\t\t\t\t\t\t\t\t\t\t\t\t\t\t<\/div>\n\t\t\t\t<\/div>\n\t\t\t\t\t<\/div>\n\t\t<\/div>\n\t\t\t\t\t<\/div>\n\t\t<\/section>\n\t\t\t\t<section class=\"elementor-section elementor-top-section elementor-element elementor-element-168bd2d elementor-section-boxed elementor-section-height-default elementor-section-height-default wpr-particle-no wpr-jarallax-no wpr-parallax-no wpr-sticky-section-no\" data-id=\"168bd2d\" data-element_type=\"section\">\n\t\t\t\t\t\t<div class=\"elementor-container elementor-column-gap-default\">\n\t\t\t\t\t<div class=\"elementor-column elementor-col-100 elementor-top-column elementor-element elementor-element-85caced\" data-id=\"85caced\" data-element_type=\"column\">\n\t\t\t<div class=\"elementor-widget-wrap elementor-element-populated\">\n\t\t\t\t\t\t<div class=\"elementor-element elementor-element-13f3e8c elementor-widget elementor-widget-image\" data-id=\"13f3e8c\" data-element_type=\"widget\" data-widget_type=\"image.default\">\n\t\t\t\t<div class=\"elementor-widget-container\">\n\t\t\t\t\t\t\t\t\t\t\t\t\t\t\t<img decoding=\"async\" width=\"474\" height=\"183\" src=\"https:\/\/www.rcpfm.com\/wp-content\/uploads\/2024\/11\/92.6FM-BannerCapaFace4-1024x395.jpg\" class=\"attachment-large size-large wp-image-3699\" alt=\"\" srcset=\"https:\/\/www.rcpfm.com\/wp-content\/uploads\/2024\/11\/92.6FM-BannerCapaFace4-1024x395.jpg 1024w, https:\/\/www.rcpfm.com\/wp-content\/uploads\/2024\/11\/92.6FM-BannerCapaFace4-300x116.jpg 300w, https:\/\/www.rcpfm.com\/wp-content\/uploads\/2024\/11\/92.6FM-BannerCapaFace4-768x296.jpg 768w, https:\/\/www.rcpfm.com\/wp-content\/uploads\/2024\/11\/92.6FM-BannerCapaFace4-1536x593.jpg 1536w, https:\/\/www.rcpfm.com\/wp-content\/uploads\/2024\/11\/92.6FM-BannerCapaFace4-2048x791.jpg 2048w\" sizes=\"(max-width: 474px) 100vw, 474px\" \/>\t\t\t\t\t\t\t\t\t\t\t\t\t\t\t<\/div>\n\t\t\t\t<\/div>\n\t\t\t\t\t<\/div>\n\t\t<\/div>\n\t\t\t\t\t<\/div>\n\t\t<\/section>\n\t\t\t\t<section class=\"elementor-section elementor-top-section elementor-element elementor-element-05574d0 elementor-section-boxed elementor-section-height-default elementor-section-height-default wpr-particle-no wpr-jarallax-no wpr-parallax-no wpr-sticky-section-no\" data-id=\"05574d0\" data-element_type=\"section\">\n\t\t\t\t\t\t<div class=\"elementor-container elementor-column-gap-default\">\n\t\t\t\t\t<div class=\"elementor-column elementor-col-100 elementor-top-column elementor-element elementor-element-52d55cd\" data-id=\"52d55cd\" data-element_type=\"column\">\n\t\t\t<div class=\"elementor-widget-wrap elementor-element-populated\">\n\t\t\t\t\t\t<div class=\"elementor-element elementor-element-86aa5d2 elementor-widget elementor-widget-image\" data-id=\"86aa5d2\" data-element_type=\"widget\" data-widget_type=\"image.default\">\n\t\t\t\t<div class=\"elementor-widget-container\">\n\t\t\t\t\t\t\t\t\t\t\t\t\t\t\t<img decoding=\"async\" width=\"474\" height=\"317\" src=\"https:\/\/www.rcpfm.com\/wp-content\/uploads\/2024\/11\/RCPonline-1024x684.jpg\" class=\"attachment-large size-large wp-image-3700\" alt=\"\" srcset=\"https:\/\/www.rcpfm.com\/wp-content\/uploads\/2024\/11\/RCPonline-1024x684.jpg 1024w, https:\/\/www.rcpfm.com\/wp-content\/uploads\/2024\/11\/RCPonline-300x200.jpg 300w, https:\/\/www.rcpfm.com\/wp-content\/uploads\/2024\/11\/RCPonline-768x513.jpg 768w, https:\/\/www.rcpfm.com\/wp-content\/uploads\/2024\/11\/RCPonline-1536x1026.jpg 1536w, https:\/\/www.rcpfm.com\/wp-content\/uploads\/2024\/11\/RCPonline-2048x1368.jpg 2048w, https:\/\/www.rcpfm.com\/wp-content\/uploads\/2024\/11\/RCPonline-1200x800.jpg 1200w, https:\/\/www.rcpfm.com\/wp-content\/uploads\/2024\/11\/RCPonline-600x400.jpg 600w\" sizes=\"(max-width: 474px) 100vw, 474px\" \/>\t\t\t\t\t\t\t\t\t\t\t\t\t\t\t<\/div>\n\t\t\t\t<\/div>\n\t\t\t\t\t<\/div>\n\t\t<\/div>\n\t\t\t\t\t<\/div>\n\t\t<\/section>\n\t\t\t\t<section class=\"elementor-section elementor-top-section elementor-element elementor-element-77a8f0c elementor-section-boxed elementor-section-height-default elementor-section-height-default wpr-particle-no wpr-jarallax-no wpr-parallax-no wpr-sticky-section-no\" data-id=\"77a8f0c\" data-element_type=\"section\">\n\t\t\t\t\t\t<div class=\"elementor-container elementor-column-gap-default\">\n\t\t\t\t\t<div class=\"elementor-column elementor-col-100 elementor-top-column elementor-element elementor-element-07c2eb3\" data-id=\"07c2eb3\" data-element_type=\"column\">\n\t\t\t<div class=\"elementor-widget-wrap elementor-element-populated\">\n\t\t\t\t\t\t<div class=\"elementor-element elementor-element-e27aa1c elementor-widget elementor-widget-text-editor\" data-id=\"e27aa1c\" data-element_type=\"widget\" data-widget_type=\"text-editor.default\">\n\t\t\t\t<div class=\"elementor-widget-container\">\n\t\t\t\t\t\t\t\t\t<p>RCPFM Mod<\/p>\t\t\t\t\t\t\t\t<\/div>\n\t\t\t\t<\/div>\n\t\t\t\t\t<\/div>\n\t\t<\/div>\n\t\t\t\t\t<\/div>\n\t\t<\/section>\n\t\t\t\t<\/div>\n\t\t","protected":false},"excerpt":{"rendered":"<p>RCPFM Mod<\/p>\n","protected":false},"author":1,"featured_media":0,"parent":0,"menu_order":0,"comment_status":"closed","ping_status":"closed","template":"","meta":{"_regular_price":[],"currency_symbol":[],"_uag_custom_page_level_css":"","footnotes":""},"class_list":["post-3500","page","type-page","status-publish","hentry"],"post_slider_layout_featured_media_urls":{"thumbnail":"","post_slider_layout_landscape_large":"","post_slider_layout_portrait_large":"","post_slider_layout_square_large":"","post_slider_layout_landscape":"","post_slider_layout_portrait":"","post_slider_layout_square":"","full":""},"yoast_head":"<!-- This site is optimized with the Yoast SEO plugin v25.4 - https:\/\/yoast.com\/wordpress\/plugins\/seo\/ -->\n<title>Bem-vindo(a) \u00e0 RCPFM 92.6 - RCP - R\u00e1dio Clube da Pampilhosa, CRL<\/title>\n<meta name=\"description\" content=\"R\u00e1dio do Centro - Aveiro, Coimbra, Viseu e Leiria. 92.6FM e www.rcpfm.com\" \/>\n<meta name=\"robots\" content=\"index, follow, max-snippet:-1, max-image-preview:large, max-video-preview:-1\" \/>\n<link rel=\"canonical\" href=\"https:\/\/www.rcpfm.com\/\" \/>\n<meta property=\"og:locale\" content=\"pt_PT\" \/>\n<meta property=\"og:type\" content=\"article\" \/>\n<meta property=\"og:title\" content=\"Bem-vindo(a) \u00e0 RCPFM 92.6 - RCP - R\u00e1dio Clube da Pampilhosa, CRL\" \/>\n<meta property=\"og:description\" content=\"R\u00e1dio do Centro - Aveiro, Coimbra, Viseu e Leiria. 92.6FM e www.rcpfm.com\" \/>\n<meta property=\"og:url\" content=\"https:\/\/www.rcpfm.com\/\" \/>\n<meta property=\"og:site_name\" content=\"RCP - R\u00e1dio Clube da Pampilhosa, CRL\" \/>\n<meta property=\"article:modified_time\" content=\"2025-05-29T23:18:39+00:00\" \/>\n<meta property=\"og:image\" content=\"https:\/\/www.rcpfm.com\/wp-content\/uploads\/2024\/11\/92.6elogo-1024x1024.jpg\" \/>\n<meta name=\"twitter:card\" content=\"summary_large_image\" \/>\n<meta name=\"twitter:label1\" content=\"Tempo estimado de leitura\" \/>\n\t<meta name=\"twitter:data1\" content=\"1 minuto\" \/>\n<script type=\"application\/ld+json\" class=\"yoast-schema-graph\">{\"@context\":\"https:\/\/schema.org\",\"@graph\":[{\"@type\":\"WebPage\",\"@id\":\"https:\/\/www.rcpfm.com\/\",\"url\":\"https:\/\/www.rcpfm.com\/\",\"name\":\"Bem-vindo(a) \u00e0 RCPFM 92.6 - RCP - R\u00e1dio Clube da Pampilhosa, CRL\",\"isPartOf\":{\"@id\":\"https:\/\/www.rcpfm.com\/#website\"},\"primaryImageOfPage\":{\"@id\":\"https:\/\/www.rcpfm.com\/#primaryimage\"},\"image\":{\"@id\":\"https:\/\/www.rcpfm.com\/#primaryimage\"},\"thumbnailUrl\":\"https:\/\/www.rcpfm.com\/wp-content\/uploads\/2024\/11\/92.6elogo-1024x1024.jpg\",\"datePublished\":\"2022-09-12T17:29:40+00:00\",\"dateModified\":\"2025-05-29T23:18:39+00:00\",\"description\":\"R\u00e1dio do Centro - Aveiro, Coimbra, Viseu e Leiria. 92.6FM e www.rcpfm.com\",\"breadcrumb\":{\"@id\":\"https:\/\/www.rcpfm.com\/#breadcrumb\"},\"inLanguage\":\"pt-PT\",\"potentialAction\":[{\"@type\":\"ReadAction\",\"target\":[\"https:\/\/www.rcpfm.com\/\"]}]},{\"@type\":\"ImageObject\",\"inLanguage\":\"pt-PT\",\"@id\":\"https:\/\/www.rcpfm.com\/#primaryimage\",\"url\":\"https:\/\/www.rcpfm.com\/wp-content\/uploads\/2024\/11\/92.6elogo.jpg\",\"contentUrl\":\"https:\/\/www.rcpfm.com\/wp-content\/uploads\/2024\/11\/92.6elogo.jpg\",\"width\":1181,\"height\":1181},{\"@type\":\"BreadcrumbList\",\"@id\":\"https:\/\/www.rcpfm.com\/#breadcrumb\",\"itemListElement\":[{\"@type\":\"ListItem\",\"position\":1,\"name\":\"In\u00edcio\",\"item\":\"https:\/\/www.rcpfm.com\/\"},{\"@type\":\"ListItem\",\"position\":2,\"name\":\"Bem-vindo(a) \u00e0 RCPFM 92.6\"}]},{\"@type\":\"WebSite\",\"@id\":\"https:\/\/www.rcpfm.com\/#website\",\"url\":\"https:\/\/www.rcpfm.com\/\",\"name\":\"RCP - R\u00e1dio Clube da Pampilhosa, CRL\",\"description\":\"\",\"publisher\":{\"@id\":\"https:\/\/www.rcpfm.com\/#organization\"},\"potentialAction\":[{\"@type\":\"SearchAction\",\"target\":{\"@type\":\"EntryPoint\",\"urlTemplate\":\"https:\/\/www.rcpfm.com\/?s={search_term_string}\"},\"query-input\":{\"@type\":\"PropertyValueSpecification\",\"valueRequired\":true,\"valueName\":\"search_term_string\"}}],\"inLanguage\":\"pt-PT\"},{\"@type\":\"Organization\",\"@id\":\"https:\/\/www.rcpfm.com\/#organization\",\"name\":\"RCP - R\u00e1dio Clube da Pampilhosa, CRL\",\"url\":\"https:\/\/www.rcpfm.com\/\",\"logo\":{\"@type\":\"ImageObject\",\"inLanguage\":\"pt-PT\",\"@id\":\"https:\/\/www.rcpfm.com\/#\/schema\/logo\/image\/\",\"url\":\"https:\/\/www.rcpfm.com\/wp-content\/uploads\/2022\/08\/cropped-My-project-100.png\",\"contentUrl\":\"https:\/\/www.rcpfm.com\/wp-content\/uploads\/2022\/08\/cropped-My-project-100.png\",\"width\":101,\"height\":50,\"caption\":\"RCP - R\u00e1dio Clube da Pampilhosa, CRL\"},\"image\":{\"@id\":\"https:\/\/www.rcpfm.com\/#\/schema\/logo\/image\/\"}}]}<\/script>\n<!-- \/ Yoast SEO plugin. -->","yoast_head_json":{"title":"Bem-vindo(a) \u00e0 RCPFM 92.6 - RCP - R\u00e1dio Clube da Pampilhosa, CRL","description":"R\u00e1dio do Centro - Aveiro, Coimbra, Viseu e Leiria. 92.6FM e www.rcpfm.com","robots":{"index":"index","follow":"follow","max-snippet":"max-snippet:-1","max-image-preview":"max-image-preview:large","max-video-preview":"max-video-preview:-1"},"canonical":"https:\/\/www.rcpfm.com\/","og_locale":"pt_PT","og_type":"article","og_title":"Bem-vindo(a) \u00e0 RCPFM 92.6 - RCP - R\u00e1dio Clube da Pampilhosa, CRL","og_description":"R\u00e1dio do Centro - Aveiro, Coimbra, Viseu e Leiria. 92.6FM e www.rcpfm.com","og_url":"https:\/\/www.rcpfm.com\/","og_site_name":"RCP - R\u00e1dio Clube da Pampilhosa, CRL","article_modified_time":"2025-05-29T23:18:39+00:00","og_image":[{"url":"https:\/\/www.rcpfm.com\/wp-content\/uploads\/2024\/11\/92.6elogo-1024x1024.jpg","type":"","width":"","height":""}],"twitter_card":"summary_large_image","twitter_misc":{"Tempo estimado de leitura":"1 minuto"},"schema":{"@context":"https:\/\/schema.org","@graph":[{"@type":"WebPage","@id":"https:\/\/www.rcpfm.com\/","url":"https:\/\/www.rcpfm.com\/","name":"Bem-vindo(a) \u00e0 RCPFM 92.6 - RCP - R\u00e1dio Clube da Pampilhosa, CRL","isPartOf":{"@id":"https:\/\/www.rcpfm.com\/#website"},"primaryImageOfPage":{"@id":"https:\/\/www.rcpfm.com\/#primaryimage"},"image":{"@id":"https:\/\/www.rcpfm.com\/#primaryimage"},"thumbnailUrl":"https:\/\/www.rcpfm.com\/wp-content\/uploads\/2024\/11\/92.6elogo-1024x1024.jpg","datePublished":"2022-09-12T17:29:40+00:00","dateModified":"2025-05-29T23:18:39+00:00","description":"R\u00e1dio do Centro - Aveiro, Coimbra, Viseu e Leiria. 92.6FM e www.rcpfm.com","breadcrumb":{"@id":"https:\/\/www.rcpfm.com\/#breadcrumb"},"inLanguage":"pt-PT","potentialAction":[{"@type":"ReadAction","target":["https:\/\/www.rcpfm.com\/"]}]},{"@type":"ImageObject","inLanguage":"pt-PT","@id":"https:\/\/www.rcpfm.com\/#primaryimage","url":"https:\/\/www.rcpfm.com\/wp-content\/uploads\/2024\/11\/92.6elogo.jpg","contentUrl":"https:\/\/www.rcpfm.com\/wp-content\/uploads\/2024\/11\/92.6elogo.jpg","width":1181,"height":1181},{"@type":"BreadcrumbList","@id":"https:\/\/www.rcpfm.com\/#breadcrumb","itemListElement":[{"@type":"ListItem","position":1,"name":"In\u00edcio","item":"https:\/\/www.rcpfm.com\/"},{"@type":"ListItem","position":2,"name":"Bem-vindo(a) \u00e0 RCPFM 92.6"}]},{"@type":"WebSite","@id":"https:\/\/www.rcpfm.com\/#website","url":"https:\/\/www.rcpfm.com\/","name":"RCP - R\u00e1dio Clube da Pampilhosa, CRL","description":"","publisher":{"@id":"https:\/\/www.rcpfm.com\/#organization"},"potentialAction":[{"@type":"SearchAction","target":{"@type":"EntryPoint","urlTemplate":"https:\/\/www.rcpfm.com\/?s={search_term_string}"},"query-input":{"@type":"PropertyValueSpecification","valueRequired":true,"valueName":"search_term_string"}}],"inLanguage":"pt-PT"},{"@type":"Organization","@id":"https:\/\/www.rcpfm.com\/#organization","name":"RCP - R\u00e1dio Clube da Pampilhosa, CRL","url":"https:\/\/www.rcpfm.com\/","logo":{"@type":"ImageObject","inLanguage":"pt-PT","@id":"https:\/\/www.rcpfm.com\/#\/schema\/logo\/image\/","url":"https:\/\/www.rcpfm.com\/wp-content\/uploads\/2022\/08\/cropped-My-project-100.png","contentUrl":"https:\/\/www.rcpfm.com\/wp-content\/uploads\/2022\/08\/cropped-My-project-100.png","width":101,"height":50,"caption":"RCP - R\u00e1dio Clube da Pampilhosa, CRL"},"image":{"@id":"https:\/\/www.rcpfm.com\/#\/schema\/logo\/image\/"}}]}},"uagb_featured_image_src":{"full":false,"thumbnail":false,"medium":false,"medium_large":false,"large":false,"1536x1536":false,"2048x2048":false,"post_slider_layout_landscape_large":false,"post_slider_layout_portrait_large":false,"post_slider_layout_square_large":false,"post_slider_layout_landscape":false,"post_slider_layout_portrait":false,"post_slider_layout_square":false,"post-thumbnail":false,"twentyfourteen-full-width":false,"audioigniter_cover":false},"uagb_author_info":{"display_name":"rcpfmcom-admin","author_link":"https:\/\/www.rcpfm.com\/?author=1"},"uagb_comment_info":0,"uagb_excerpt":"RCPFM Mod","_links":{"self":[{"href":"https:\/\/www.rcpfm.com\/index.php?rest_route=\/wp\/v2\/pages\/3500","targetHints":{"allow":["GET"]}}],"collection":[{"href":"https:\/\/www.rcpfm.com\/index.php?rest_route=\/wp\/v2\/pages"}],"about":[{"href":"https:\/\/www.rcpfm.com\/index.php?rest_route=\/wp\/v2\/types\/page"}],"author":[{"embeddable":true,"href":"https:\/\/www.rcpfm.com\/index.php?rest_route=\/wp\/v2\/users\/1"}],"replies":[{"embeddable":true,"href":"https:\/\/www.rcpfm.com\/index.php?rest_route=%2Fwp%2Fv2%2Fcomments&post=3500"}],"version-history":[{"count":36,"href":"https:\/\/www.rcpfm.com\/index.php?rest_route=\/wp\/v2\/pages\/3500\/revisions"}],"predecessor-version":[{"id":3740,"href":"https:\/\/www.rcpfm.com\/index.php?rest_route=\/wp\/v2\/pages\/3500\/revisions\/3740"}],"wp:attachment":[{"href":"https:\/\/www.rcpfm.com\/index.php?rest_route=%2Fwp%2Fv2%2Fmedia&parent=3500"}],"curies":[{"name":"wp","href":"https:\/\/api.w.org\/{rel}","templated":true}]}}